[INFO] fetching crate interledger-store-memory 0.2.2-alpha.1...
[INFO] checking interledger-store-memory-0.2.2-alpha.1 against try#72f88fc4e9458f89516a0b8b0868f3718aec5b47 for pr-74989
[INFO] extracting crate interledger-store-memory 0.2.2-alpha.1 into /workspace/builds/worker-13/source
[INFO] validating manifest of crates.io crate interledger-store-memory 0.2.2-alpha.1 on toolchain 72f88fc4e9458f89516a0b8b0868f3718aec5b47
[INFO] running `Command { std: "/workspace/cargo-home/bin/cargo" "+72f88fc4e9458f89516a0b8b0868f3718aec5b47" "read-manifest" "--manifest-path" "Cargo.toml", kill_on_drop: false }`
[INFO] started tweaking crates.io crate interledger-store-memory 0.2.2-alpha.1
[INFO] finished tweaking crates.io crate interledger-store-memory 0.2.2-alpha.1
[INFO] tweaked toml for crates.io crate interledger-store-memory 0.2.2-alpha.1 written to /workspace/builds/worker-13/source/Cargo.toml
[INFO] running `Command { std: "/workspace/cargo-home/bin/cargo" "+72f88fc4e9458f89516a0b8b0868f3718aec5b47" "generate-lockfile" "--manifest-path" "Cargo.toml" "-Zno-index-update", kill_on_drop: false }`
[INFO] running `Command { std: "/workspace/cargo-home/bin/cargo" "+72f88fc4e9458f89516a0b8b0868f3718aec5b47" "fetch" "--locked" "--manifest-path" "Cargo.toml", kill_on_drop: false }`
[INFO] [stderr]     Blocking waiting for file lock on package cache
[INFO] [stderr]     Blocking waiting for file lock on package cache
[INFO] [stderr]  Downloading crates ...
[INFO] [stderr]   Downloaded stream-cancel v0.4.4
[INFO] [stderr]   Downloaded handlebars v1.0.5
[INFO] [stderr]   Downloaded interledger-packet v0.2.2-beta.5
[INFO] [stderr]   Downloaded interledger-ildcp v0.2.2-beta.3
[INFO] [stderr]   Downloaded interledger-btp v0.2.2-beta.3
[INFO] [stderr]   Downloaded interledger-router v0.2.2-beta.3
[INFO] [stderr]   Downloaded secrecy v0.4.1
[INFO] [stderr]   Downloaded interledger-service v0.2.2-beta.3
[INFO] [stderr]   Downloaded interledger-settlement v0.1.1-beta.3
[INFO] [stderr]   Downloaded interledger-http v0.2.2-beta.3
[INFO] [stderr]   Downloaded interledger-service-util v0.2.2-beta.3
[INFO] running `Command { std: "docker" "create" "-v" "/var/lib/crater-agent-workspace/builds/worker-13/target:/opt/rustwide/target:rw,Z" "-v" "/var/lib/crater-agent-workspace/builds/worker-13/source:/opt/rustwide/workdir:ro,Z" "-v" "/var/lib/crater-agent-workspace/cargo-home:/opt/rustwide/cargo-home:ro,Z" "-v" "/var/lib/crater-agent-workspace/rustup-home:/opt/rustwide/rustup-home:ro,Z" "-e" "SOURCE_DIR=/opt/rustwide/workdir" "-e" "CARGO_TARGET_DIR=/opt/rustwide/target" "-e" "CARGO_HOME=/opt/rustwide/cargo-home" "-e" "RUSTUP_HOME=/opt/rustwide/rustup-home" "-w" "/opt/rustwide/workdir" "-m" "1610612736" "--user" "0:0" "--network" "none" "rustops/crates-build-env@sha256:d92eaeed33fa75130ca1ee6c8a01d1ffb62bac859dfdfb3450e3e5d1c0146529" "/opt/rustwide/cargo-home/bin/cargo" "+72f88fc4e9458f89516a0b8b0868f3718aec5b47" "metadata" "--no-deps" "--format-version=1", kill_on_drop: false }`
[INFO] [stdout] 056dc3f07782f3d3d50c78624422a752408938e7e29a059bcab44b0eecf150db
[INFO] [stderr] WARNING: Your kernel does not support swap limit capabilities or the cgroup is not mounted. Memory limited without swap.
[INFO] running `Command { std: "docker" "start" "-a" "056dc3f07782f3d3d50c78624422a752408938e7e29a059bcab44b0eecf150db", kill_on_drop: false }`
[INFO] running `Command { std: "docker" "inspect" "056dc3f07782f3d3d50c78624422a752408938e7e29a059bcab44b0eecf150db", kill_on_drop: false }`
[INFO] running `Command { std: "docker" "rm" "-f" "056dc3f07782f3d3d50c78624422a752408938e7e29a059bcab44b0eecf150db", kill_on_drop: false }`
[INFO] [stdout] 056dc3f07782f3d3d50c78624422a752408938e7e29a059bcab44b0eecf150db
[INFO] running `Command { std: "docker" "create" "-v" "/var/lib/crater-agent-workspace/builds/worker-13/target:/opt/rustwide/target:rw,Z" "-v" "/var/lib/crater-agent-workspace/builds/worker-13/source:/opt/rustwide/workdir:ro,Z" "-v" "/var/lib/crater-agent-workspace/cargo-home:/opt/rustwide/cargo-home:ro,Z" "-v" "/var/lib/crater-agent-workspace/rustup-home:/opt/rustwide/rustup-home:ro,Z" "-e" "SOURCE_DIR=/opt/rustwide/workdir" "-e" "CARGO_TARGET_DIR=/opt/rustwide/target" "-e" "CARGO_INCREMENTAL=0" "-e" "RUST_BACKTRACE=full" "-e" "RUSTFLAGS=--cap-lints=forbid" "-e" "CARGO_HOME=/opt/rustwide/cargo-home" "-e" "RUSTUP_HOME=/opt/rustwide/rustup-home" "-w" "/opt/rustwide/workdir" "-m" "1610612736" "--user" "0:0" "--network" "none" "rustops/crates-build-env@sha256:d92eaeed33fa75130ca1ee6c8a01d1ffb62bac859dfdfb3450e3e5d1c0146529" "/opt/rustwide/cargo-home/bin/cargo" "+72f88fc4e9458f89516a0b8b0868f3718aec5b47" "check" "--frozen" "--all" "--all-targets" "--message-format=json", kill_on_drop: false }`
[INFO] [stderr] WARNING: Your kernel does not support swap limit capabilities or the cgroup is not mounted. Memory limited without swap.
[INFO] [stdout] ea885d14c79880df04ffec3c53eb20b42d07e65ce93716be713cc7d84f69b967
[INFO] running `Command { std: "docker" "start" "-a" "ea885d14c79880df04ffec3c53eb20b42d07e65ce93716be713cc7d84f69b967", kill_on_drop: false }`
[INFO] [stderr]    Compiling autocfg v1.0.1
[INFO] [stderr]    Compiling unicode-xid v0.2.1
[INFO] [stderr]    Compiling serde v1.0.116
[INFO] [stderr]    Compiling byteorder v1.3.4
[INFO] [stderr]     Checking lazy_static v1.4.0
[INFO] [stderr]    Compiling semver-parser v0.7.0
[INFO] [stderr]    Compiling maybe-uninit v2.0.0
[INFO] [stderr]     Checking slab v0.4.2
[INFO] [stderr]     Checking fnv v1.0.7
[INFO] [stderr]     Checking tinyvec v0.3.4
[INFO] [stderr]     Checking scopeguard v1.1.0
[INFO] [stderr]    Compiling version_check v0.9.2
[INFO] [stderr]    Compiling memchr v2.3.3
[INFO] [stderr]     Checking itoa v0.4.6
[INFO] [stderr]    Compiling cc v1.0.59
[INFO] [stderr]    Compiling version_check v0.1.5
[INFO] [stderr]     Checking matches v0.1.8
[INFO] [stderr]    Compiling pkg-config v0.3.18
[INFO] [stderr]    Compiling bitflags v1.2.1
[INFO] [stderr]    Compiling httparse v1.3.4
[INFO] [stderr]     Checking regex-syntax v0.6.18
[INFO] [stderr]     Checking foreign-types-shared v0.1.1
[INFO] [stderr]    Compiling openssl v0.10.30
[INFO] [stderr]    Compiling native-tls v0.2.4
[INFO] [stderr]    Compiling getrandom v0.1.15
[INFO] [stderr]    Compiling ryu v1.0.5
[INFO] [stderr]     Checking percent-encoding v2.1.0
[INFO] [stderr]     Checking openssl-probe v0.1.2
[INFO] [stderr]    Compiling serde_json v1.0.57
[INFO] [stderr]     Checking try-lock v0.2.3
[INFO] [stderr]     Checking adler v0.2.3
[INFO] [stderr]     Checking ppv-lite86 v0.2.9
[INFO] [stderr]     Checking dtoa v0.4.6
[INFO] [stderr]     Checking mime v0.3.16
[INFO] [stderr]    Compiling proc-macro2 v0.4.30
[INFO] [stderr]     Checking hex v0.3.2
[INFO] [stderr]    Compiling crc32fast v1.2.0
[INFO] [stderr]    Compiling unicode-xid v0.1.0
[INFO] [stderr]    Compiling unicode-xid v0.0.4
[INFO] [stderr]    Compiling quote v0.3.15
[INFO] [stderr]    Compiling either v1.6.0
[INFO] [stderr]    Compiling syn v0.15.44
[INFO] [stderr]    Compiling proc-macro-hack-impl v0.4.2
[INFO] [stderr]    Compiling encoding_rs v0.8.24
[INFO] [stderr]    Compiling pest v1.0.6
[INFO] [stderr]     Checking utf-8 v0.7.5
[INFO] [stderr]     Checking base64 v0.11.0
[INFO] [stderr]     Checking remove_dir_all v0.5.3
[INFO] [stderr]     Checking spin v0.5.2
[INFO] [stderr]     Checking scoped-tls v1.0.0
[INFO] [stderr]     Checking void v1.0.2
[INFO] [stderr]     Checking urlencoding v1.1.1
[INFO] [stderr]     Checking tower-service v0.1.0
[INFO] [stderr]     Checking stream-cancel v0.4.4
[INFO] [stderr]     Checking try_from v0.3.2
[INFO] [stderr]     Checking tokio-sync v0.1.8
[INFO] [stderr]     Checking thread_local v1.0.1
[INFO] [stderr]     Checking lock_api v0.3.4
[INFO] [stderr]     Checking unicode-bidi v0.3.4
[INFO] [stderr]    Compiling semver v0.9.0
[INFO] [stderr]     Checking foreign-types v0.3.2
[INFO] [stderr]     Checking unicode-normalization v0.1.13
[INFO] [stderr]    Compiling unicase v1.4.2
[INFO] [stderr]     Checking miniz_oxide v0.4.1
[INFO] [stderr]    Compiling unicase v2.6.0
[INFO] [stderr]    Compiling error-chain v0.12.4
[INFO] [stderr]    Compiling synom v0.11.3
[INFO] [stderr]    Compiling crossbeam-utils v0.7.2
[INFO] [stderr]    Compiling memoffset v0.5.5
[INFO] [stderr]    Compiling crossbeam-epoch v0.8.2
[INFO] [stderr]    Compiling num-traits v0.2.12
[INFO] [stderr]    Compiling num-integer v0.1.43
[INFO] [stderr]    Compiling indexmap v1.6.0
[INFO] [stderr]    Compiling num-bigint v0.2.6
[INFO] [stderr]    Compiling proc-macro2 v1.0.21
[INFO] [stderr]     Checking log v0.4.11
[INFO] [stderr]    Compiling syn v0.11.11
[INFO] [stderr]    Compiling proc-macro-hack v0.4.2
[INFO] [stderr]    Compiling rustc_version v0.2.3
[INFO] [stderr]     Checking iovec v0.1.4
[INFO] [stderr]     Checking net2 v0.2.35
[INFO] [stderr]     Checking time v0.1.44
[INFO] [stderr]     Checking rand_os v0.1.3
[INFO] [stderr]     Checking rand v0.4.6
[INFO] [stderr]    Compiling rand_chacha v0.1.1
[INFO] [stderr]    Compiling rand_pcg v0.1.2
[INFO] [stderr]     Checking smallvec v0.6.13
[INFO] [stderr]     Checking want v0.2.0
[INFO] [stderr]     Checking log v0.3.9
[INFO] [stderr]     Checking futures-cpupool v0.1.8
[INFO] [stderr]     Checking backtrace v0.3.50
[INFO] [stderr]     Checking aho-corasick v0.7.13
[INFO] [stderr]     Checking twoway v0.1.8
[INFO] [stderr]     Checking buf_redux v0.8.4
[INFO] [stderr]     Checking base64 v0.10.1
[INFO] [stderr]     Checking rand_core v0.5.1
[INFO] [stderr]     Checking mio v0.6.22
[INFO] [stderr]     Checking rand v0.6.5
[INFO] [stderr]    Compiling quote v1.0.7
[INFO] [stderr]     Checking block-buffer v0.7.3
[INFO] [stderr]    Compiling openssl-sys v0.9.58
[INFO] [stderr]    Compiling ring v0.14.6
[INFO] [stderr]     Checking flate2 v1.0.17
[INFO] [stderr]    Compiling parking_lot_core v0.6.2
[INFO] [stderr]    Compiling parking_lot v0.9.0
[INFO] [stderr]    Compiling hyper v0.12.35
[INFO] [stderr]    Compiling parking_lot_core v0.4.0
[INFO] [stderr]     Checking idna v0.2.0
[INFO] [stderr]     Checking idna v0.1.5
[INFO] [stderr]    Compiling phf_shared v0.7.24
[INFO] [stderr]     Checking mime v0.2.6
[INFO] [stderr]    Compiling mime_guess v2.0.3
[INFO] [stderr]     Checking sha-1 v0.8.2
[INFO] [stderr]     Checking rand_chacha v0.2.2
[INFO] [stderr]    Compiling quote v0.6.13
[INFO] [stderr]    Compiling syn v1.0.40
[INFO] [stderr]     Checking mio-uds v0.6.8
[INFO] [stderr]     Checking uuid v0.7.4
[INFO] [stderr]    Compiling phf v0.7.24
[INFO] [stderr]     Checking regex v1.3.9
[INFO] [stderr]     Checking tokio-executor v0.1.10
[INFO] [stderr]     Checking crossbeam-queue v0.2.3
[INFO] [stderr]     Checking rand v0.7.3
[INFO] [stderr]     Checking url v2.1.1
[INFO] [stderr]     Checking url v1.7.2
[INFO] [stderr]     Checking tokio-timer v0.2.13
[INFO] [stderr]     Checking tokio-current-thread v0.1.7
[INFO] [stderr]    Compiling phf_generator v0.7.24
[INFO] [stderr]     Checking crossbeam-deque v0.7.3
[INFO] [stderr]     Checking parking_lot v0.7.1
[INFO] [stderr]    Compiling phf_codegen v0.7.24
[INFO] [stderr]     Checking checked v0.5.0
[INFO] [stderr]     Checking atoi v0.2.3
[INFO] [stderr]     Checking tokio-retry v0.2.0
[INFO] [stderr]    Compiling mime_guess v1.8.8
[INFO] [stderr]     Checking tokio-threadpool v0.1.18
[INFO] [stderr]    Compiling pest_derive v1.0.8
[INFO] [stderr]     Checking cookie v0.12.0
[INFO] [stderr]     Checking chrono v0.4.15
[INFO] [stderr]     Checking publicsuffix v1.5.4
[INFO] [stderr]     Checking tempfile v3.1.0
[INFO] [stderr]     Checking multipart v0.16.1
[INFO] [stderr]    Compiling synstructure v0.12.4
[INFO] [stderr]    Compiling serde_derive v1.0.116
[INFO] [stderr]    Compiling failure_derive v0.1.8
[INFO] [stderr]     Checking failure v0.1.8
[INFO] [stderr]     Checking bytes v0.4.12
[INFO] [stderr]     Checking serde_urlencoded v0.5.5
[INFO] [stderr]     Checking serde_plain v0.3.0
[INFO] [stderr]     Checking serde_urlencoded v0.6.1
[INFO] [stderr]     Checking secrecy v0.4.1
[INFO] [stderr]     Checking tokio-io v0.1.13
[INFO] [stderr]     Checking http v0.1.21
[INFO] [stderr]     Checking string v0.2.1
[INFO] [stderr]     Checking tokio-buf v0.1.1
[INFO] [stderr]     Checking interledger-packet v0.2.2-beta.5
[INFO] [stderr]     Checking input_buffer v0.2.0
[INFO] [stderr]     Checking interledger-service v0.2.2-beta.3
[INFO] [stderr]     Checking tokio-reactor v0.1.12
[INFO] [stderr]     Checking tokio-codec v0.1.2
[INFO] [stderr]     Checking tokio-fs v0.1.7
[INFO] [stderr]     Checking tokio-tls v0.2.1
[INFO] [stderr]     Checking interledger-ildcp v0.2.2-beta.3
[INFO] [stderr]     Checking interledger-router v0.2.2-beta.3
[INFO] [stderr]     Checking cookie_store v0.7.0
[INFO] [stderr]     Checking handlebars v1.0.5
[INFO] [stderr]     Checking tokio-tcp v0.1.4
[INFO] [stderr]     Checking tokio-uds v0.2.7
[INFO] [stderr]     Checking tokio-udp v0.1.6
[INFO] [stderr]     Checking tokio v0.1.22
[INFO] [stderr]     Checking tokio-dns-unofficial v0.3.1
[INFO] [stderr]     Checking h2 v0.1.26
[INFO] [stderr]     Checking http-body v0.1.0
[INFO] [stderr]     Checking headers-core v0.1.1
[INFO] [stderr]     Checking tungstenite v0.9.2
[INFO] [stderr]     Checking headers v0.2.3
[INFO] [stderr]     Checking tokio-tungstenite v0.9.0
[INFO] [stderr]    Compiling tower-web-macros v0.3.5
[INFO] [stderr]     Checking hyper-tls v0.3.2
[INFO] [stderr]     Checking warp v0.1.23
[INFO] [stderr]     Checking reqwest v0.9.24
[INFO] [stderr]     Checking interledger-http v0.2.2-beta.3
[INFO] [stderr]     Checking interledger-btp v0.2.2-beta.3
[INFO] [stderr]     Checking tower-web v0.3.7
[INFO] [stderr]     Checking interledger-settlement v0.1.1-beta.3
[INFO] [stderr]     Checking interledger-service-util v0.2.2-beta.3
[INFO] [stderr]     Checking interledger-store-memory v0.2.2-alpha.1 (/opt/rustwide/workdir)
[INFO] [stdout] error[E0432]: unresolved import `interledger_ildcp::IldcpAccount`
[INFO] [stdout]  --> src/account.rs:4:5
[INFO] [stdout]   |
[INFO] [stdout] 4 | use interledger_ildcp::IldcpAccount;
[INFO] [stdout]   |     ^^^^^^^^^^^^^^^^^^^^^^^^^^^^^^^ no `IldcpAccount` in the root
[INFO] [stdout] 
[INFO] [stdout] 
[INFO] [stdout] error[E0432]: unresolved imports `interledger_btp::BtpOpenSignupAccount`, `interledger_btp::BtpOpenSignupStore`
[INFO] [stdout]  --> src/store.rs:7:23
[INFO] [stdout]   |
[INFO] [stdout] 7 | use interledger_btp::{BtpOpenSignupAccount, BtpOpenSignupStore, BtpStore};
[INFO] [stdout]   |                       ^^^^^^^^^^^^^^^^^^^^  ^^^^^^^^^^^^^^^^^^ no `BtpOpenSignupStore` in the root
[INFO] [stdout]   |                       |
[INFO] [stdout]   |                       no `BtpOpenSignupAccount` in the root
[INFO] [stdout] 
[INFO] [stdout] 
[INFO] [stdout] error[E0432]: unresolved import `interledger_ildcp::IldcpAccount`
[INFO] [stdout]  --> src/store.rs:9:5
[INFO] [stdout]   |
[INFO] [stdout] 9 | use interledger_ildcp::IldcpAccount;
[INFO] [stdout]   |     ^^^^^^^^^^^^^^^^^^^^^^^^^^^^^^^ no `IldcpAccount` in the root
[INFO] [stdout] 
[INFO] [stdout] 
[INFO] [stdout] error[E0407]: method `get_btp_uri` is not a member of trait `BtpAccount`
[INFO] [stdout]    --> src/account.rs:191:5
[INFO] [stdout]     |
[INFO] [stdout] 191 | /     fn get_btp_uri(&self) -> Option<&Url> {
[INFO] [stdout] 192 | |         self.inner.btp_uri.as_ref()
[INFO] [stdout] 193 | |     }
[INFO] [stdout]     | |_____^ not a member of trait `BtpAccount`
[INFO] [stdout] 
[INFO] [stdout] 
[INFO] [stdout] error[E0407]: method `get_btp_token` is not a member of trait `BtpAccount`
[INFO] [stdout]    --> src/account.rs:195:5
[INFO] [stdout]     |
[INFO] [stdout] 195 | /     fn get_btp_token(&self) -> Option<&[u8]> {
[INFO] [stdout] 196 | |         if let Some(ref token) = self.inner.btp_outgoing_token {
[INFO] [stdout] 197 | |             Some(token.as_bytes())
[INFO] [stdout] 198 | |         } else {
[INFO] [stdout] 199 | |             None
[INFO] [stdout] 200 | |         }
[INFO] [stdout] 201 | |     }
[INFO] [stdout]     | |_____^ not a member of trait `BtpAccount`
[INFO] [stdout] 
[INFO] [stdout] 
[INFO] [stdout] error: aborting due to 5 previous errors
[INFO] [stdout] 
[INFO] [stdout] 
[INFO] [stdout] Some errors have detailed explanations: E0407, E0432.
[INFO] [stdout] 
[INFO] [stdout] For more information about an error, try `rustc --explain E0407`.
[INFO] [stdout] 
[INFO] [stderr] error: could not compile `interledger-store-memory`.
[INFO] [stderr] 
[INFO] [stderr] To learn more, run the command again with --verbose.
[INFO] [stderr] warning: build failed, waiting for other jobs to finish...
[INFO] [stdout] error[E0432]: unresolved import `interledger_ildcp::IldcpAccount`
[INFO] [stdout]  --> src/account.rs:4:5
[INFO] [stdout]   |
[INFO] [stdout] 4 | use interledger_ildcp::IldcpAccount;
[INFO] [stdout]   |     ^^^^^^^^^^^^^^^^^^^^^^^^^^^^^^^ no `IldcpAccount` in the root
[INFO] [stdout] 
[INFO] [stdout] 
[INFO] [stdout] error[E0432]: unresolved imports `interledger_btp::BtpOpenSignupAccount`, `interledger_btp::BtpOpenSignupStore`
[INFO] [stdout]  --> src/store.rs:7:23
[INFO] [stdout]   |
[INFO] [stdout] 7 | use interledger_btp::{BtpOpenSignupAccount, BtpOpenSignupStore, BtpStore};
[INFO] [stdout]   |                       ^^^^^^^^^^^^^^^^^^^^  ^^^^^^^^^^^^^^^^^^ no `BtpOpenSignupStore` in the root
[INFO] [stdout]   |                       |
[INFO] [stdout]   |                       no `BtpOpenSignupAccount` in the root
[INFO] [stdout] 
[INFO] [stdout] 
[INFO] [stdout] error[E0432]: unresolved import `interledger_ildcp::IldcpAccount`
[INFO] [stdout]  --> src/store.rs:9:5
[INFO] [stdout]   |
[INFO] [stdout] 9 | use interledger_ildcp::IldcpAccount;
[INFO] [stdout]   |     ^^^^^^^^^^^^^^^^^^^^^^^^^^^^^^^ no `IldcpAccount` in the root
[INFO] [stdout] 
[INFO] [stdout] 
[INFO] [stdout] error[E0407]: method `get_btp_uri` is not a member of trait `BtpAccount`
[INFO] [stdout]    --> src/account.rs:191:5
[INFO] [stdout]     |
[INFO] [stdout] 191 | /     fn get_btp_uri(&self) -> Option<&Url> {
[INFO] [stdout] 192 | |         self.inner.btp_uri.as_ref()
[INFO] [stdout] 193 | |     }
[INFO] [stdout]     | |_____^ not a member of trait `BtpAccount`
[INFO] [stdout] 
[INFO] [stdout] 
[INFO] [stdout] error[E0407]: method `get_btp_token` is not a member of trait `BtpAccount`
[INFO] [stdout]    --> src/account.rs:195:5
[INFO] [stdout]     |
[INFO] [stdout] 195 | /     fn get_btp_token(&self) -> Option<&[u8]> {
[INFO] [stdout] 196 | |         if let Some(ref token) = self.inner.btp_outgoing_token {
[INFO] [stdout] 197 | |             Some(token.as_bytes())
[INFO] [stdout] 198 | |         } else {
[INFO] [stdout] 199 | |             None
[INFO] [stdout] 200 | |         }
[INFO] [stdout] 201 | |     }
[INFO] [stdout]     | |_____^ not a member of trait `BtpAccount`
[INFO] [stdout] 
[INFO] [stdout] 
[INFO] [stdout] error: aborting due to 5 previous errors
[INFO] [stdout] 
[INFO] [stdout] 
[INFO] [stdout] Some errors have detailed explanations: E0407, E0432.
[INFO] [stdout] 
[INFO] [stdout] For more information about an error, try `rustc --explain E0407`.
[INFO] [stdout] 
[INFO] [stderr] error: build failed
[INFO] running `Command { std: "docker" "inspect" "ea885d14c79880df04ffec3c53eb20b42d07e65ce93716be713cc7d84f69b967", kill_on_drop: false }`
[INFO] running `Command { std: "docker" "rm" "-f" "ea885d14c79880df04ffec3c53eb20b42d07e65ce93716be713cc7d84f69b967", kill_on_drop: false }`
[INFO] [stdout] ea885d14c79880df04ffec3c53eb20b42d07e65ce93716be713cc7d84f69b967
